{"id":457,"date":"2022-09-13T10:43:17","date_gmt":"2022-09-13T08:43:17","guid":{"rendered":"http:\/\/glennbesnard.com\/?page_id=457"},"modified":"2023-01-15T18:36:07","modified_gmt":"2023-01-15T17:36:07","slug":"journal-sonore-de-moncontour","status":"publish","type":"page","link":"https:\/\/glennbesnard.com\/index.php\/journal-sonore-de-moncontour\/","title":{"rendered":"JOURNAL SONORE DE MONCONTOUR"},"content":{"rendered":"\n<figure class=\"wp-block-embed aligncenter is-type-rich is-provider-soundcloud wp-block-embed-soundcloud\"><div class=\"wp-block-embed__wrapper\">\n<iframe loading=\"lazy\" title=\"JOURNAL SONORE DE MONCONTOUR by Glenn Besnard\" width=\"500\" height=\"400\" scrolling=\"no\" frameborder=\"no\" src=\"https:\/\/w.soundcloud.com\/player\/?visual=true&#038;url=https%3A%2F%2Fapi.soundcloud.com%2Ftracks%2F1424642470&#038;show_artwork=true&#038;maxheight=750&#038;maxwidth=500\"><\/iframe>\n<\/div><\/figure>\n\n\n\n<p><\/p>\n\n\n\n<p class=\"has-text-align-center\">Collecter les sons de la cit\u00e9 m\u00e9di\u00e9vale de Moncontour, en Bretagne. Collecter ses commer\u00e7ants, ses habitants, jeunes ou anciens, les sons de la cit\u00e9, qu\u2019ils soient d\u2019origine humaine ou non.<br>Collecter pour conserver la m\u00e9moire sonore de ce petit bourg rural, en 2022.<\/p>\n\n\n\n<p class=\"has-text-align-center\">J\u2019ai arpent\u00e9 les ruelles \u00e9troites avec mes micros, j\u2019ai parcouru les marches de granite, mont\u00e9, descendu les remparts recouverts de lierre.<br>J\u2019ai march\u00e9, lentement, longuement.<\/p>\n\n\n\n<p class=\"has-text-align-center\">Et puis, chemin faisant, le collectage est devenu collage. Les sons de la cit\u00e9 sont r\u00e9- assembl\u00e9s, re-m\u00e9lang\u00e9s, parfois d\u00e9tourn\u00e9s de leur contexte d\u2019origine pour raconter une nouvelle histoire.<\/p>\n\n\n\n<p class=\"has-text-align-center\">Comme un tableau sonore, ce journal sonore de Moncontour tente de raconter la vie d\u2019une petite cit\u00e9 m\u00e9di\u00e9vale au XXI\u00e8 si\u00e8cle.<\/p>\n","protected":false},"excerpt":{"rendered":"<p>Collecter les sons de la cit\u00e9 m\u00e9di\u00e9vale de Moncontour, en Bretagne. Collecter ses commer\u00e7ants, ses habitants, jeunes ou anciens, les sons de la cit\u00e9, qu\u2019ils soient d\u2019origine humaine ou non.Collecter pour conserver la m\u00e9moire sonore de ce petit bourg rural, en 2022. J\u2019ai arpent\u00e9 les ruelles \u00e9troites avec mes micros, j\u2019ai parcouru les marches de [&hellip;]<\/p>\n","protected":false},"author":1,"featured_media":0,"parent":0,"menu_order":0,"comment_status":"closed","ping_status":"closed","template":"","meta":{"footnotes":""},"_links":{"self":[{"href":"https:\/\/glennbesnard.com\/index.php\/wp-json\/wp\/v2\/pages\/457"}],"collection":[{"href":"https:\/\/glennbesnard.com\/index.php\/wp-json\/wp\/v2\/pages"}],"about":[{"href":"https:\/\/glennbesnard.com\/index.php\/wp-json\/wp\/v2\/types\/page"}],"author":[{"embeddable":true,"href":"https:\/\/glennbesnard.com\/index.php\/wp-json\/wp\/v2\/users\/1"}],"replies":[{"embeddable":true,"href":"https:\/\/glennbesnard.com\/index.php\/wp-json\/wp\/v2\/comments?post=457"}],"version-history":[{"count":7,"href":"https:\/\/glennbesnard.com\/index.php\/wp-json\/wp\/v2\/pages\/457\/revisions"}],"predecessor-version":[{"id":480,"href":"https:\/\/glennbesnard.com\/index.php\/wp-json\/wp\/v2\/pages\/457\/revisions\/480"}],"wp:attachment":[{"href":"https:\/\/glennbesnard.com\/index.php\/wp-json\/wp\/v2\/media?parent=457"}],"curies":[{"name":"wp","href":"https:\/\/api.w.org\/{rel}","templated":true}]}}