{"id":149,"date":"2019-06-25T15:11:11","date_gmt":"2019-06-25T13:11:11","guid":{"rendered":"http:\/\/glennbesnard.com\/?page_id=149"},"modified":"2024-09-04T15:44:27","modified_gmt":"2024-09-04T13:44:27","slug":"que-reste-t-il-dans-le-petit-charriot","status":"publish","type":"page","link":"https:\/\/glennbesnard.com\/index.php\/que-reste-t-il-dans-le-petit-charriot\/","title":{"rendered":"PREMIERS MOTS"},"content":{"rendered":"<h2 style=\"text-align: center;\">Cr\u00e9ation sonore pour l&#8217;\u00e9mission &#8220;L&#8217; exp\u00e9rience&#8221; sur France Culture<\/h2>\n<\/p>\n<p><center><a href=\"https:\/\/www.radiofrance.fr\/franceculture\/podcasts\/l-experience\/premiers-mots-0-5635286\" target=\"_blank\" rel=\"noopener\">POUR ECOUTER SUR FRANCE CULTURE<\/a><\/center><center><a href=\"https:\/\/www.telerama.fr\/radio\/podcast-premiers-mots,-lirresistible-apprentissage-du-langage-dune-fillette,n6552453.php\" target=\"_blank\" rel=\"noopener\">TTT DANS TELERAMA<\/a><\/center><center><\/center><center><\/center><center><\/center><center><\/center><center><\/center><center><\/center><center><\/center><\/p>\n\n\n<p class=\"has-text-align-center\">En 1967, Yann Parantho\u00ebn r\u00e9alise <em>Un petit chariot pour la Grande Ourse<\/em>. Dans cette cr\u00e9ation o\u00f9 il met en sc\u00e8ne ses propres enfants, l&#8217;ing\u00e9nieur du son propose un projet audacieux pour la radio de l\u2019\u00e9poque&nbsp;: une \u00e9mission faite uniquement avec des sons et des bribes de voix, sans interviews ni commentaires. Un demi si\u00e8cle plus tard,  j&#8217;ai souhait\u00e9 rendre hommage \u00e0 la premi\u00e8re \u0153uvre du mythique &#8220;tailleur de son&#8221; de l&#8217;ORTF. Pendant une ann\u00e9e, j&#8217;ai enregistr\u00e9 ma fille, Elea, entre son premier et son deuxi\u00e8me anniversaire.<strong>&nbsp;<\/strong><\/p>\n\n\n\n<blockquote class=\"wp-block-quote\">\n<p><\/p>\n<\/blockquote>\n\n\n\n<p class=\"has-text-align-center\">En pla\u00e7ant mes micros \u00e0 hauteur d&#8217;oreilles d&#8217;enfant, j&#8217;ai choisit de faire entendre ce que ma fille per\u00e7oit du monde qui l&#8217;entoure. L&#8217;auditeur se retrouve en immersion. Comment un enfant re\u00e7oit-il les mots et les messages des adultes&nbsp;? Comment saisit-il les sons de son environnement&nbsp;? La pluie, le vent, les moteurs, les micros&#8230; tout devient sujet d&#8217;exploration, un sujet d\u2019exp\u00e9rience<\/p>\n\n\n\n<p><\/p>\n\n\n\n<p class=\"has-text-align-center\"><img decoding=\"async\" loading=\"lazy\" src=\"http:\/\/glennbesnard.com\/wp-content\/uploads\/2019\/06\/PDS-Elea-300x169.jpg\" alt=\"\" width=\"609\" height=\"343\"><\/p>\n","protected":false},"excerpt":{"rendered":"<p>Cr\u00e9ation sonore pour l&#8217;\u00e9mission &#8220;L&#8217; exp\u00e9rience&#8221; sur France Culture POUR ECOUTER SUR FRANCE CULTURETTT DANS TELERAMA En 1967, Yann Parantho\u00ebn r\u00e9alise Un petit chariot pour la Grande Ourse. Dans cette cr\u00e9ation o\u00f9 il met en sc\u00e8ne ses propres enfants, l&#8217;ing\u00e9nieur du son propose un projet audacieux pour la radio de l\u2019\u00e9poque&nbsp;: une \u00e9mission faite uniquement [&hellip;]<\/p>\n","protected":false},"author":1,"featured_media":0,"parent":0,"menu_order":0,"comment_status":"closed","ping_status":"closed","template":"","meta":{"footnotes":""},"_links":{"self":[{"href":"https:\/\/glennbesnard.com\/index.php\/wp-json\/wp\/v2\/pages\/149"}],"collection":[{"href":"https:\/\/glennbesnard.com\/index.php\/wp-json\/wp\/v2\/pages"}],"about":[{"href":"https:\/\/glennbesnard.com\/index.php\/wp-json\/wp\/v2\/types\/page"}],"author":[{"embeddable":true,"href":"https:\/\/glennbesnard.com\/index.php\/wp-json\/wp\/v2\/users\/1"}],"replies":[{"embeddable":true,"href":"https:\/\/glennbesnard.com\/index.php\/wp-json\/wp\/v2\/comments?post=149"}],"version-history":[{"count":30,"href":"https:\/\/glennbesnard.com\/index.php\/wp-json\/wp\/v2\/pages\/149\/revisions"}],"predecessor-version":[{"id":625,"href":"https:\/\/glennbesnard.com\/index.php\/wp-json\/wp\/v2\/pages\/149\/revisions\/625"}],"wp:attachment":[{"href":"https:\/\/glennbesnard.com\/index.php\/wp-json\/wp\/v2\/media?parent=149"}],"curies":[{"name":"wp","href":"https:\/\/api.w.org\/{rel}","templated":true}]}}