{"id":148,"date":"2019-06-25T15:11:11","date_gmt":"2019-06-25T13:11:11","guid":{"rendered":"http:\/\/glennbesnard.com\/?page_id=148"},"modified":"2020-03-03T11:03:25","modified_gmt":"2020-03-03T10:03:25","slug":"un-journal-sonore-de-mon-village","status":"publish","type":"page","link":"https:\/\/glennbesnard.com\/index.php\/un-journal-sonore-de-mon-village\/","title":{"rendered":"UN JOURNAL SONORE DU MEN\u00c9"},"content":{"rendered":"<style type=\"text\/css\">\n\t<!-- @page { margin: 2cm } P { margin-bottom: 0.21cm } --><br \/>\t<\/style>\n<p>-&gt;\u00a0 Cin\u00e9ma pour les oreilles en 7.1<\/p>\n<p>-&gt;\u00a0 Diffusion le lundi 14 octobre 2019 dans l&#8217;\u00e9mission &#8220;par ou\u00efe dire&#8221; sur la RTBF la premi\u00e8re (version st\u00e9r\u00e9o)<\/p>\n<p><a href=\"https:\/\/www.rtbf.be\/auvio\/detail_par-oui-dire?id=2552385\">https:\/\/www.rtbf.be\/auvio\/detail_par-oui-dire?id=2552385<\/a><\/p>\n<p>&nbsp;<\/p>\n<p align=\"LEFT\"><span style=\"font-size: large;\"><iframe loading=\"lazy\" src=\"https:\/\/w.soundcloud.com\/player\/?url=https%3A\/\/api.soundcloud.com\/tracks\/618157665&amp;color=%23785450&amp;auto_play=false&amp;hide_related=false&amp;show_comments=true&amp;show_user=true&amp;show_reposts=false&amp;show_teaser=true&amp;visual=true\" width=\"100%\" height=\"300\" frameborder=\"no\" scrolling=\"no\"><\/iframe><\/span><\/p>\n<p align=\"LEFT\"><span style=\"font-size: large;\">Ce projet est n\u00e9 de l&#8217;envie de raconter mon village d&#8217;une autre mani\u00e8re.<\/span><\/p>\n<p align=\"LEFT\"><span style=\"font-size: large;\"> Ce territoire rural a longtemps \u00e9t\u00e9 d\u00e9laiss\u00e9. Jusqu&#8217;\u00e0 la moiti\u00e9 du XX\u00e8 si\u00e8cle, une grande partie de la r\u00e9gion \u00e9tait couverte de landes. Les habitants y survivaient, dans des petites fermes et villages, \u00e9loign\u00e9s des gros bourgs et des voies de circulations. <\/span><\/p>\n<p align=\"LEFT\"><span style=\"font-size: large;\">Dans les ann\u00e9es 80, Le Men\u00e9 est devenu un gros p\u00f4le agro-alimentaire. Les petites fermes se sont transform\u00e9es en \u00e9levages industriels de cochons et l&#8217;abattoir Kermen\u00e9 s&#8217;est peu \u00e0 peu agrandit pour devenir l&#8217;un des plus grands d&#8217;Europe. 2000 cochons y sont tu\u00e9s tous les jours pour fournir les Leclerc d&#8217;une grande partie de l&#8217;Europe. Cet abattoir est un lieu secret pour qui n&#8217;y travaille <\/span><span style=\"font-size: large;\">pas. Les cam\u00e9ras et les micros y sont proscrits. <\/span><\/p>\n<p align=\"LEFT\"><span style=\"font-size: large;\">\u00a0Alors, j&#8217;ai choisi de raconter la vie autour de l&#8217;usine. Pendant plusieurs mois, j&#8217;ai parcouru le village et ses environs avec mes micros, r\u00e9coltant des paysages sonores, des voix, des sons d&#8217;activit\u00e9s humaines. Et en me saisissant du r\u00e9el comme d&#8217;une palette de couleurs, j&#8217;ai compos\u00e9 une promenade impressionniste, avec pour id\u00e9e de rendre compte de la richesse sonore de mon village. <\/span><\/p>\n<p>&nbsp;<\/p>\n<p>&nbsp;<\/p>\n","protected":false},"excerpt":{"rendered":"<p>-&gt;\u00a0 Cin\u00e9ma pour les oreilles en 7.1 -&gt;\u00a0 Diffusion le lundi 14 octobre 2019 dans l&#8217;\u00e9mission &#8220;par ou\u00efe dire&#8221; sur la RTBF la premi\u00e8re (version st\u00e9r\u00e9o) https:\/\/www.rtbf.be\/auvio\/detail_par-oui-dire?id=2552385 &nbsp; Ce projet est n\u00e9 de l&#8217;envie de raconter mon village d&#8217;une autre mani\u00e8re. Ce territoire rural a longtemps \u00e9t\u00e9 d\u00e9laiss\u00e9. Jusqu&#8217;\u00e0 la moiti\u00e9 du XX\u00e8 si\u00e8cle, une [&hellip;]<\/p>\n","protected":false},"author":1,"featured_media":0,"parent":0,"menu_order":0,"comment_status":"closed","ping_status":"closed","template":"","meta":{"footnotes":""},"_links":{"self":[{"href":"https:\/\/glennbesnard.com\/index.php\/wp-json\/wp\/v2\/pages\/148"}],"collection":[{"href":"https:\/\/glennbesnard.com\/index.php\/wp-json\/wp\/v2\/pages"}],"about":[{"href":"https:\/\/glennbesnard.com\/index.php\/wp-json\/wp\/v2\/types\/page"}],"author":[{"embeddable":true,"href":"https:\/\/glennbesnard.com\/index.php\/wp-json\/wp\/v2\/users\/1"}],"replies":[{"embeddable":true,"href":"https:\/\/glennbesnard.com\/index.php\/wp-json\/wp\/v2\/comments?post=148"}],"version-history":[{"count":20,"href":"https:\/\/glennbesnard.com\/index.php\/wp-json\/wp\/v2\/pages\/148\/revisions"}],"predecessor-version":[{"id":311,"href":"https:\/\/glennbesnard.com\/index.php\/wp-json\/wp\/v2\/pages\/148\/revisions\/311"}],"wp:attachment":[{"href":"https:\/\/glennbesnard.com\/index.php\/wp-json\/wp\/v2\/media?parent=148"}],"curies":[{"name":"wp","href":"https:\/\/api.w.org\/{rel}","templated":true}]}}