{"id":101,"date":"2016-12-31T12:14:18","date_gmt":"2016-12-31T11:14:18","guid":{"rendered":"http:\/\/glennbesnard.com\/?page_id=101"},"modified":"2024-09-03T08:00:49","modified_gmt":"2024-09-03T06:00:49","slug":"le-film","status":"publish","type":"page","link":"https:\/\/glennbesnard.com\/index.php\/le-film\/","title":{"rendered":"Avec mes abeilles"},"content":{"rendered":"<p style=\"text-align: center;\">\n<p style=\"text-align: center;\">Documentaire de 52 minutes<\/p>\n<p style=\"text-align: center;\">R\u00e9alis\u00e9 par Anne Burlot et Glenn Besnard.<\/p>\n<p style=\"text-align: center;\">Montage: Pablo Teyssier-Verger<\/p>\n<p style=\"text-align: center;\">Production: Pois Chiche Films<\/p>\n<p style=\"text-align: center;\">Le film est disponible sur KUB:<\/p>\n<p style=\"text-align: center;\"><a href=\"https:\/\/www.kubweb.media\/page\/burlot-besnard-avec-mes-abeilles\/\" target=\"_blank\" rel=\"noopener noreferrer\">https:\/\/www.kubweb.media\/page\/burlot-besnard-avec-mes-abeilles\/<\/a><\/p>\n<p style=\"text-align: center;\">&lt;<iframe loading=\"lazy\" title=\"YouTube video player\" src=\"https:\/\/www.youtube.com\/embed\/nE3hSceIX7k?si=5L7-dvsXAQdiGOtJ\" width=\"560\" height=\"315\" frameborder=\"0\" allowfullscreen=\"allowfullscreen\"><\/iframe>&gt;<br \/>\n.<\/p>\n<p><center>R\u00c9SUM\u00c9 DU FILM<\/center><\/p>\n<p style=\"text-align: center;\">Le film est n\u00e9 d\u2019une rencontre. Celle des deux r\u00e9alisateurs avec le monde des abeilles. Alors qu\u2019ils pensaient d\u00e9couvrir une forme d\u2019\u00e9levage confidentielle et un peu marginale, ils se sont rendus compte que cette activit\u00e9 agricole r\u00e9v\u00e9lait aussi des engagements, une mani\u00e8re de vivre et une forme de philosophie.<\/p>\n<p style=\"text-align: center;\">Anne Burlot et Glenn Besnard ont suivi au cours d\u2019une saison trois \u00e9leveurs d\u2019abeilles passionn\u00e9s et singuliers.<\/p>\n<p style=\"text-align: center;\">Richard, un apiculteur professionnel et insulaire qui travaille \u00e0 Belle-\u00eele-en-mer. Louis-Joseph, un sexag\u00e9naire qui s\u2019occupe d\u2019une vingtaine de ruches au sein d\u2019une communaut\u00e9 \u00e0 Plouharnel. Et Anne-Fran\u00e7oise, une pu\u00e9ricultrice parisienne qui fait de la p\u00e9dagogie autour des abeilles aupr\u00e8s des enfants.<\/p>\n<p style=\"text-align: center;\">Avec ces trois guides, ils vont chercher \u00e0 comprendre pourquoi l\u2019homme s\u2019attache autant aux abeilles et dans quelle mesure ces animaux sauvages peuvent, peut-\u00eatre, grandir un peu les hommes.<\/p>\n","protected":false},"excerpt":{"rendered":"<p>Documentaire de 52 minutes R\u00e9alis\u00e9 par Anne Burlot et Glenn Besnard. Montage: Pablo Teyssier-Verger Production: Pois Chiche Films Le film est disponible sur KUB: https:\/\/www.kubweb.media\/page\/burlot-besnard-avec-mes-abeilles\/ &lt;&gt; . R\u00c9SUM\u00c9 DU FILM Le film est n\u00e9 d\u2019une rencontre. Celle des deux r\u00e9alisateurs avec le monde des abeilles. Alors qu\u2019ils pensaient d\u00e9couvrir une forme d\u2019\u00e9levage confidentielle et un [&hellip;]<\/p>\n","protected":false},"author":1,"featured_media":0,"parent":0,"menu_order":0,"comment_status":"closed","ping_status":"closed","template":"","meta":{"footnotes":""},"_links":{"self":[{"href":"https:\/\/glennbesnard.com\/index.php\/wp-json\/wp\/v2\/pages\/101"}],"collection":[{"href":"https:\/\/glennbesnard.com\/index.php\/wp-json\/wp\/v2\/pages"}],"about":[{"href":"https:\/\/glennbesnard.com\/index.php\/wp-json\/wp\/v2\/types\/page"}],"author":[{"embeddable":true,"href":"https:\/\/glennbesnard.com\/index.php\/wp-json\/wp\/v2\/users\/1"}],"replies":[{"embeddable":true,"href":"https:\/\/glennbesnard.com\/index.php\/wp-json\/wp\/v2\/comments?post=101"}],"version-history":[{"count":21,"href":"https:\/\/glennbesnard.com\/index.php\/wp-json\/wp\/v2\/pages\/101\/revisions"}],"predecessor-version":[{"id":592,"href":"https:\/\/glennbesnard.com\/index.php\/wp-json\/wp\/v2\/pages\/101\/revisions\/592"}],"wp:attachment":[{"href":"https:\/\/glennbesnard.com\/index.php\/wp-json\/wp\/v2\/media?parent=101"}],"curies":[{"name":"wp","href":"https:\/\/api.w.org\/{rel}","templated":true}]}}